ded by 309?
300
What is the remainder when 36369 is divided by 2596?
25
Calculate the remainder when 198502 is divided by 144.
70
What is the remainder when 4722 is divided by 277?
13
What is the remainder when 69958 is divided by 53?
51
What is the remainder when 1973 is divided by 291?
227
Calculate the remainder when 32130 is divided by 1091.
491
What is the remainder when 29107 is divided by 29105?
2
Calculate the remainder when 3245 is divided by 652.
637
Calculate the remainder when 276585 is divided by 26.
23
Calculate the remainder when 1017497 is divided by 220.
217
What is the remainder when 730 is divided by 116?
34
What is the remainder when 29578 is divided by 170?
168
What is the remainder when 76383 is divided by 611?
8
Calculate the remainder when 278 is divided by 89.
11
What is the remainder when 5360 is divided by 206?
4
What is the remainder when 36012 is divided by 105?
102
What is the remainder when 249013 is divided by 62253?
1
Calculate the remainder when 1443 is divided by 668.
107
Calculate the remainder when 83993 is divided by 224.
217
Calculate the remainder when 66489 is divided by 76.
65
Calculate the remainder when 13377 is divided by 1664.
65
Calculate the remainder when 1018570 is divided by 32857.
3
Calculate the remainder when 162552 is divided by 2755.
7
What is the remainder when 5342 is divided by 731?
225
Calculate the remainder when 207619 is divided by 73.
7
What is the remainder when 7377 is divided by 37?
14
Calculate the remainder when 270880 is divided by 152.
16
Calculate the remainder when 52559 is divided by 1222.
13
What is the remainder when 4169 is divided by 2011?
147
Calculate the remainder when 117784 is divided by 96.
88
Calculate the remainder when 15212 is divided by 3761.
168
Calculate the remainder when 5716 is divided by 40.
36
Calculate the remainder when 5944 is divided by 848.
8
Calculate the remainder when 395583 is divided by 69.
6
What is the remainder when 37082 is divided by 38?
32
What is the remainder when 40789 is divided by 92?
33
What is the remainder when 52586 is divided by 8764?
2
What is the remainder when 13195 is divided by 4?
3
What is the remainder when 19184 is divided by 622?
524
Calculate the remainder when 32396 is divided by 6438.
206
Calculate the remainder when 2338 is divided by 467.
3
What is the remainder when 15496 is divided by 573?
25
What is the remainder when 111328 is divided by 18554?
4
Calculate the remainder when 1247 is divided by 378.
113
What is the remainder when 81160 is divided by 81?
79
Calculate the remainder when 897 is divided by 147.
15
What is the remainder when 9558 is divided by 434?
10
Calculate the remainder when 17043 is divided by 2120.
83
Calculate the remainder when 2669 is divided by 719.
512
What is the remainder when 31700 is divided by 2800?
900
What is the remainder when 7280 is divided by 3599?
82
Calculate the remainder when 12874 is divided by 463.
373
What is the remainder when 27915 is divided by 901?
885
What is the remainder when 346 is divided by 344?
2
Calculate the remainder when 90163 is divided by 1960.
3
What is the remainder when 2540 is divided by 126?
20
Calculate the remainder when 234112 is divided by 58527.
4
Calculate the remainder when 16576 is divided by 121.
120
What is the remainder when 101808 is divided by 1039?
1025
Calculate the remainder when 107002 is divided by 194.
108
What is the remainder when 45893 is divided by 45808?
85
Calculate the remainder when 15639 is divided by 68.
67
What is the remainder when 3075 is divided by 1020?
15
Calculate the remainder when 2377 is divided by 1115.
147
What is the remainder when 267471 is divided by 6?
3
Calculate the remainder when 5227 is divided by 285.
97
Calculate the remainder when 4059 is divided by 1.
0
Calculate the remainder when 23933 is divided by 959.
917
Calculate the remainder when 99767 is divided by 19.
17
What is the remainder when 48490 is divided by 232?
2
What is the remainder when 20029 is divided by 27?
22
What is the remainder when 67833 is divided by 24?
9
Calculate the remainder when 1371038 is divided by 209.
207
What is the remainder when 13548 is divided by 763?
577
What is the remainder when 4517 is divided by 886?
87
What is the remainder when 15952 is divided by 280?
272
Calculate the remainder when 2865 is divided by 311.
66
Calculate the remainder when 949791 is divided by 268.
267
Calculate the remainder when 443444 is divided by 856.
36
Calculate the remainder when 20261 is divided by 21.
17
What is the remainder when 126400 is divided by 608?
544
Calculate the remainder when 2223140 is divided by 1203.
1199
Calculate the remainder when 1171 is divided by 119.
100
What is the remainder when 1306258 is divided by 295?
293
What is the remainder when 3417 is divided by 1086?
159
What is the remainder when 5173 is divided by 9?
7
Calculate the remainder when 80503 is divided by 164.
143
Calculate the remainder when 12706 is divided by 141.
16
Calculate the remainder when 868 is divided by 86.
8
What is the remainder when 35937 is divided by 119?
118
Calculate the remainder when 15057 is divided by 70.
7
Calculate the remainder when 437708 is divided by 13.
11
What is the remainder when 105356 is divided by 105342?
14
What is the remainder when 796009 is divided by 16?
9
What is the remainder when 7207 is divided by 32?
7
What is the remainder when 4466 is divided by 99?
11
Calculate the remainder when 344246 is divided by 264.
254
Calculate the remainder when 86109 is divided by 1001.
23
Calculate the remainder when 94670 is divided by 1313.
134
Calculate the remainder when 4881 is divided by 7.
2
What is the remainder when 4045 is divided by 18?
13
What is the remainder when 11376 is divided by 2837?
28
What is the remainder when 16865 is divided by 52?
17
Calculate the remainder when 9298 is divided by 320.
18
Calculate the remainder when 1976 is divided by 407.
348
Calculate the remainder when 24378 is divided by 119.
102
Calculate the remainder when 857 is divided by 9.
2
What is the remainder when 7038 is divided by 48?
30
Calculate the remainder when 4553 is divided by 135.
98
What is the remainder when 640187 is divided by 75?
62
What is the remainder when 16833 is divided by 1122?
3
Calculate the remainder when 62547 is divided by 1060.
7
What is the remainder when 930855 is divided by 77570?
15
Calculate the remainder when 108239 is divided by 451.
450
Calculate the remainder when 87081 is divided by 319.
313
Calculate the remainder when 20095 is divided by 30.
25
What is the remainder when 69245 is divided by 23078?
11
Calculate the remainder when 151689 is divided by 12.
9
Calculate the remainder when 3961 is divided by 1216.
313
What is the remainder when 51292 is divided by 100?
92
Calculate the remainder when 134861 is divided by 105.
41
Calculate the remainder when 944 is divided by 24.
8
What is the remainder when 346059 is divided by 2908?
7
What is the remainder when 78704 is divided by 265?
264
Calculate the remainder when 22977 is divided by 73.
55
Calculate the remainder when 5515 is divided by 1649.
568
What is the remainder when 13450 is divided by 115?
110
Calculate the remainder when 8116 is divided by 115.
66
Calculate the remainder when 3753 is divided by 84.
57
Calculate the remainder when 21175 is divided by 6302.
2269
What is the remainder when 4952 is divided by 412?
8
Calculate the remainder when 227248 is divided by 283.
282
What is the remainder when 24208 is divided by 8040?
88
Calculate the remainder when 799898 is divided by 38.
36
What is the remainder when 665 is divided by 115?
90
What is the remainder when 248 is divided by 45?
23
Calculate the remainder when 71912 is divided by 306.
2
Calculate the remainder when 112616 is divided by 440.
416
What is the remainder when 1211 is divided by 1163?
48
What is the remainder when 4950 is divided by 455?
400
Calculate the remainder when 296660 is divided by 67.
51
Calculate the remainder when 15018 is divided by 106.
72
Calculate the remainder when 62186 is divided by 329.
5
What is the remainder when 23550 is divided by 1300?
150
What is the remainder when 9603 is divided by 408?
219
What is the remainder when 4609 is divided by 